ainder when 14915276 is divided by 87?
83
Calculate the remainder when 9331933 is divided by 1003.
21
Calculate the remainder when 28731205 is divided by 22.
19
What is the remainder when 512814 is divided by 256391?
32
What is the remainder when 49735 is divided by 3637?
2454
Calculate the remainder when 36236504 is divided by 158.
152
What is the remainder when 1275093 is divided by 424895?
408
What is the remainder when 21148666 is divided by 2114849?
176
What is the remainder when 2140052 is divided by 10754?
6
Calculate the remainder when 22560300 is divided by 593692.
4
What is the remainder when 16004343 is divided by 2161?
2138
Calculate the remainder when 233107 is divided by 6315.
5767
What is the remainder when 141172 is divided by 3668?
1788
Calculate the remainder when 85679465 is divided by 12239923.
4
Calculate the remainder when 16837887 is divided by 7208.
7207
What is the remainder when 382548 is divided by 19087?
808
What is the remainder when 4283941 is divided by 1427979?
4
What is the remainder when 36082 is divided by 36080?
2
Calculate the remainder when 230887 is divided by 543.
112
Calculate the remainder when 10191 is divided by 3231.
498
Calculate the remainder when 438683221 is divided by 25.
21
What is the remainder when 15221901 is divided by 24?
21
What is the remainder when 67442334 is divided by 4148?
2
Calculate the remainder when 13340925 is divided by 11848.
77
Calculate the remainder when 599015 is divided by 745.
35
Calculate the remainder when 214852 is divided by 42963.
37
Calculate the remainder when 774230 is divided by 386511.
1208
Calculate the remainder when 2474497 is divided by 9131.
9127
What is the remainder when 192411 is divided by 5769?
2034
Calculate the remainder when 1111559 is divided by 2.
1
What is the remainder when 103614417 is divided by 60?
57
What is the remainder when 6554607 is divided by 23?
21
What is the remainder when 6102900 is divided by 3241?
97
Calculate the remainder when 4049687 is divided by 10828.
15
Calculate the remainder when 259661 is divided by 32.
13
What is the remainder when 70984306 is divided by 11?
8
What is the remainder when 5373918 is divided by 3255?
3168
What is the remainder when 178172 is divided by 375?
47
Calculate the remainder when 9185062 is divided by 3749.
12
Calculate the remainder when 5889647 is divided by 433.
414
What is the remainder when 1807720 is divided by 19416?
2032
Calculate the remainder when 71743 is divided by 8944.
191
What is the remainder when 11001 is divided by 16?
9
Calculate the remainder when 6668309 is divided by 22.
21
What is the remainder when 19810582 is divided by 707517?
106
What is the remainder when 1306529 is divided by 26116?
729
What is the remainder when 11142756 is divided by 20?
16
Calculate the remainder when 4373173 is divided by 728859.
19
What is the remainder when 1716810 is divided by 52024?
18
What is the remainder when 249211 is divided by 1202?
397
Calculate the remainder when 865125 is divided by 865098.
27
Calculate the remainder when 20222260 is divided by 1560.
1540
What is the remainder when 39595 is divided by 163?
149
Calculate the remainder when 17688679 is divided by 743.
78
Calculate the remainder when 16415052 is divided by 66.
60
What is the remainder when 220442 is divided by 41?
26
Calculate the remainder when 6275751 is divided by 59.
39
Calculate the remainder when 20562610 is divided by 1357.
1346
Calculate the remainder when 83736891 is divided by 27912295.
6
Calculate the remainder when 1838214 is divided by 6541.
193
What is the remainder when 4026014 is divided by 182?
174
What is the remainder when 772935 is divided by 96569?
383
Calculate the remainder when 5939095 is divided by 44993.
19
What is the remainder when 1334031 is divided by 1313?
23
Calculate the remainder when 1254070198 is divided by 24.
22
Calculate the remainder when 43301515 is divided by 116.
107
What is the remainder when 12803918 is divided by 2819?
20
Calculate the remainder when 95931319 is divided by 712.
711
Calculate the remainder when 2221362 is divided by 93.
57
What is the remainder when 1001221 is divided by 1126?
207
What is the remainder when 18293775 is divided by 2613393?
24
What is the remainder when 3646381 is divided by 43409?
25
What is the remainder when 1911293 is divided by 575?
568
What is the remainder when 499226 is divided by 166358?
152
Calculate the remainder when 31660 is divided by 4830.
2680
Calculate the remainder when 2992522 is divided by 18359.
5
Calculate the remainder when 36044 is divided by 14791.
6462
Calculate the remainder when 25301248 is divided by 5190.
5188
Calculate the remainder when 4803428 is divided by 2691.
2684
What is the remainder when 803621 is divided by 803297?
324
What is the remainder when 1951441 is divided by 3842?
3547
Calculate the remainder when 2839480 is divided by 32.
24
Calculate the remainder when 9029239 is divided by 55394.
17
What is the remainder when 2194091 is divided by 25?
16
What is the remainder when 138938 is divided by 67049?
4840
What is the remainder when 2942995 is divided by 367874?
3
What is the remainder when 217746 is divided by 2663?
2043
What is the remainder when 771600 is divided by 257135?
195
Calculate the remainder when 73319733 is divided by 67.
25
Calculate the remainder when 143100 is divided by 47678.
66
What is the remainder when 1119127 is divided by 559551?
25
Calculate the remainder when 160138228 is divided by 24471.
4
Calculate the remainder when 154626 is divided by 77313.
0
What is the remainder when 677197 is divided by 39?
1
What is the remainder when 122078 is divided by 17195?
1713
Calculate the remainder when 21237 is divided by 3789.
2292
Calculate the remainder when 53301 is divided by 268.
237
What is the remainder when 174276 is divided by 57404?
2064
Calculate the remainder when 135780258 is divided by 35.
33
What is the remainder when 1962622 is divided by 64?
62
What is the remainder when 23649 is divided by 22484?
1165
What is the remainder when 30565571 is divided by 1294?
1291
Calculate the remainder when 86445213 is divided by 47.
40
Calculate the remainder when 420165 is divided by 988.
265
Calculate the remainder when 12562602 is divided by 16508.
14
What is the remainder when 38736399 is divided by 551?
548
What is the remainder when 1278783 is divided by 4232?
719
What is the remainder when 505525 is divided by 14443?
20
What is the remainder when 1442349 is divided by 140?
69
What is the remainder when 7557015 is divided by 1234?
1233
What is the remainder when 246990 is divided by 20?
10
What is the remainder when 2254621 is divided by 10?
1
Calculate the remainder when 23244 is divided by 89.
15
What is the remainder when 49454 is divided by 499?
53
What is the remainder when 252898 is divided by 84014?
856
Calculate the remainder when 700065 is divided by 857.
753
What is the remainder when 2710878 is divided by 2315?
13
Calculate the remainder when 12266 is divided by 12172.
94
Calculate the remainder when 192940404 is divided by 6407.
6
Calculate the remainder when 15585679 is divided by 66322.
9
Calculate the remainder when 28067 is divided by 13985.
97
Calculate the remainder when 1182774 is divided by 1792.
54
What is the remainder when 3723677 is divided by 50?
27
What is the remainder when 7314664 is divided by 5737?
5726
Calculate the remainder when 46074 is divided by 4173.
171
What is the remainder when 53183412 is divided by 5653?
5641
What is the remainder when 76502375 is divided by 764?
763
Calculate the remainder when 582176 is divided by 2531.
46
What is the remainder when 834238 is divided by 4030?
28
What is the remainder when 7034615 is divided by 293107?
47
What is the remainder when 163118 is divided by 146?
36
Calculate the remainder when 146062 is divided by 72393.
1276
What is the remainder when 268065 is divided by 89140?
645
What is the remainder when 43959 is divided by 712?
527
What is the remainder when 6128789 is divided by 54237?
8
Calculate the remainder when 611154420 is divided by 1019.
1018
Calculate the remainder when 37581790 is divided by 2143.
2142
Calculate the remainder when 8803763 is divided by 148.
131
Calculate the remainder 